hat are the prime factors of 489620580?
2, 3, 5, 293, 27851
What are the prime factors of 127534254?
2, 3, 197, 107897
List the prime factors of 2758839805.
5, 19, 751, 38669
List the prime factors of 172748418.
2, 3, 19, 29, 52253
List the prime factors of 211462690.
2, 5, 23, 101, 9103
List the prime factors of 110561316.
2, 3, 109, 181, 467
What are the prime factors of 194516535?
3, 5, 12967769
List the prime factors of 2829246706.
2, 11, 13, 59, 107, 1567
What are the prime factors of 432580662?
2, 3, 457, 5843
What are the prime factors of 271374781?
257, 1055933
What are the prime factors of 736717742?
2, 19, 257, 75437
What are the prime factors of 1203670719?
3, 4723, 9439
What are the prime factors of 53253852?
2, 3, 383, 11587
What are the prime factors of 270536523?
3, 337, 267593
List the prime factors of 5791549.
5791549
What are the prime factors of 273853117?
101, 2711417
What are the prime factors of 2971280?
2, 5, 13, 2857
What are the prime factors of 5883486636?
2, 3, 1579, 310507
What are the prime factors of 25554757?
17, 31, 48491
What are the prime factors of 127186995?
3, 5, 13, 652241
List the prime factors of 48363488.
2, 151, 10009
What are the prime factors of 1209060946?
2, 31, 19500983
What are the prime factors of 559474692?
2, 3, 7, 17, 391789
List the prime factors of 8737228601.
8737228601
What are the prime factors of 2548739620?
2, 5, 7, 17, 1070899
List the prime factors of 161815891.
1367, 118373
What are the prime factors of 541910841?
3, 271, 666557
What are the prime factors of 6109649?
7, 13, 67139
What are the prime factors of 70348335?
3, 5, 479, 9791
List the prime factors of 471352846.
2, 17, 23, 602753
What are the prime factors of 296991927?
3, 43, 661
What are the prime factors of 200931191?
67, 311, 9643
List the prime factors of 35275739.
35275739
What are the prime factors of 458497334?
2, 8719, 26293
List the prime factors of 1259308707.
3, 43, 9762083
List the prime factors of 1150392821.
47, 24476443
List the prime factors of 1895518819.
17, 43, 61, 42509
List the prime factors of 133057727.
11, 151, 80107
What are the prime factors of 7361623249?
283, 1439, 18077
List the prime factors of 351214660.
2, 5, 107, 337, 487
List the prime factors of 231817652.
2, 11, 5268583
List the prime factors of 39841468.
2, 9960367
What are the prime factors of 5291911967?
23, 29, 1447, 5483
What are the prime factors of 187209848?
2, 7, 17, 29, 6781
List the prime factors of 464466858.
2, 3, 77411143
List the prime factors of 4620032186.
2, 7, 11, 89, 337081
What are the prime factors of 124335599?
124335599
What are the prime factors of 151515674?
2, 23, 3293819
What are the prime factors of 61391426?
2, 557, 55109
What are the prime factors of 1084181297?
163, 1979, 3361
List the prime factors of 3052390220.
2, 5, 11, 109, 127289
List the prime factors of 11157016.
2, 13, 107279
What are the prime factors of 3004579694?
2, 17, 4259, 20749
List the prime factors of 48062272.
2, 23, 103, 317
What are the prime factors of 1319178235?
5, 14983, 17609
List the prime factors of 7742836299.
3, 11, 234631403
List the prime factors of 72224166.
2, 3, 7, 1719623
List the prime factors of 1383524692.
2, 11, 29, 1084267
List the prime factors of 125264500.
2, 5, 17, 14737
List the prime factors of 212584320.
2, 3, 5, 13, 17, 167
List the prime factors of 266196828.
2, 3, 22183069
List the prime factors of 1193727974.
2, 31, 73, 3613
List the prime factors of 2604255909.
3, 733, 1184291
List the prime factors of 528257849.
7, 75465407
List the prime factors of 220043370.
2, 3, 5, 19, 386041
List the prime factors of 2679983440.
2, 5, 19, 1763147
What are the prime factors of 48163938?
2, 3, 1249, 6427
What are the prime factors of 29372355?
3, 5, 217573
List the prime factors of 84951576.
2, 3, 1179883
List the prime factors of 63252074.
2, 29, 1090553
List the prime factors of 22861052.
2, 139, 41117
What are the prime factors of 3197405216?
2, 541, 184693
What are the prime factors of 38710825?
5, 1548433
List the prime factors of 942891791.
17, 251, 220973
What are the prime factors of 148908940?
2, 5, 283, 26309
List the prime factors of 3187737827.
3187737827
List the prime factors of 143381290.
2, 5, 13, 37, 2293
List the prime factors of 32366627.
32366627
What are the prime factors of 191809462?
2, 13, 31, 237977
What are the prime factors of 17210626?
2, 73, 117881
List the prime factors of 95649129.
3, 10627681
List the prime factors of 36732117.
3, 31, 394969
What are the prime factors of 175776671?
7, 3587279
List the prime factors of 28720259.
17, 43, 101, 389
What are the prime factors of 2078751?
3, 692917
List the prime factors of 120473789.
163, 739103
What are the prime factors of 921487790?
2, 5, 92148779
What are the prime factors of 572529295?
5, 13, 8808143
What are the prime factors of 6808458769?
7, 173, 229, 24551
List the prime factors of 129844995.
3, 5, 7, 67, 18457
List the prime factors of 3166309704.
2, 3, 17, 7760563
What are the prime factors of 7572615547?
7, 19, 71, 79, 10151
What are the prime factors of 922301944?
2, 61, 30983
List the prime factors of 2466636589.
53, 46540313
What are the prime factors of 41790882?
2, 3, 7, 281, 3541
What are the prime factors of 7058355379?
53951, 130829
List the prime factors of 6536902.
2, 3268451
List the prime factors of 5850459552.
2, 3, 7, 97, 89753
List the prime factors of 86018372.
2, 11, 1954963
List the prime factors of 1377517937.
18859, 73043
List the prime factors of 433710248.
2, 54213781
What are the prime factors of 1093146017?
193, 5663969
List the prime factors of 88924419.
3, 3293497
List the prime factors of 54112245.
3, 5, 11, 327953
List the prime factors of 2105608807.
23, 2423, 37783
What are the prime factors of 1543165467?
3, 43, 103, 116141
What are the prime factors of 79157791?
29, 593, 4603
What are the prime factors of 129120137?
23, 53, 73, 1451
List the prime factors of 132404361.
3, 44134787
List the prime factors of 2010094.
2, 83, 12109
List the prime factors of 3951047728.
2, 246940483
List the prime factors of 37258045.
5, 11, 23, 29453
What are the prime factors of 3112323531?
3, 43, 1753, 13763
List the prime factors of 5191462881.
3, 11, 17479673
What are the prime factors of 5343418328?
2, 23, 29040317
List the prime factors of 4127349.
3, 1375783
List the prime factors of 2978459115.
3, 5, 37, 5366593
What are the prime factors of 178940702?
2, 89470351
What are the prime factors of 308338714?
2, 73, 2111909
List the prime factors of 1698933157.
23, 79, 935021
List the prime factors of 2915236560.
2, 3, 5, 12146819
What are the prime factors of 153769426?
2, 29, 2651197
List the prime factors of 1205911071.
3, 1654199
What are the prime factors of 406321541?
269, 1510489
What are the prime factors of 3015777025?
5, 120631081
List the prime factors of 8613606.
2, 3, 229, 6269
List the prime factors of 32049494.
2, 569, 28163
What are the prime factors of 47391013?
4513, 10501
List the prime factors of 2605742293.
7, 11, 31, 1091639
What are the prime factors of 47747812?
2, 7, 31, 55009
List the prime factors of 648085826.
2, 127, 397, 6427
List the prime factors of 179071458.
2, 3, 29845243
List the prime factors of 2244972685.
5, 67, 6701411
What are the prime factors of 344956882?
2, 172478441
List the prime factors of 155324999.
12113, 12823
List the prime factors of 1464922621.
113, 269, 48193
What are the prime factors of 108850613?
41, 2654893
List the prime factors of 576791722.
2, 13, 61, 363677
What are the prime factors of 183553324?
2, 45888331
List the prime factors of 1302956407.
19, 68576653
List the prime factors of 15089670.
2, 3, 5, 167663
What are the prime factors of 6385786850?
2, 5, 127715737
What are the prime factors of 28614541?
53, 539897
List the prime factors of 3637665732.
2, 3, 107, 2833073
What are the prime factors of 67779586?
2, 7, 4841399
List the prime factors of 102967267.
13, 7920559
List the prime factors of 1980338799.
3, 53, 12454961
What are the prime factors of 627723329?
5167, 121487
List the prime factors of 441484187.
41, 10767907
List the prime factors of 1486114636.
2, 17, 461, 47407
List the prime factors of 3210905783.
79, 40644377
List the prim